-15
Evaluate (5 - 47) + 36 - -8.
2
9 + -5 + 3 + -1
6
Evaluate 12 - (-5 - -20 - 2).
-1
What is 4 + 3 - -7 - (-10 + 38 + -21)?
7
What is 9 + -30 + -4 + 14?
-11
Calculate -40 - -38 - (5 - (1 + 8 + 1)).
3
-112 + 104 - (-24 + 2 - -1)
13
What is the value of -6 + 3 - (225 + -252)?
24
Evaluate -5 - (-30 - -35 - (-3 - 1)).
-14
Evaluate 32 - 32 - (2 + -4 + 0).
2
What is the value of -9 + 25 + -8 + 2 + 1 + 0?
11
Evaluate (-7 - 3) + 10 + -22.
-22
Evaluate 6 - 2 - (2 - 0) - (4 + -7).
5
What is 13 + -1 - (-324 - -322)?
14
Calculate -17 + 25 - (14 - 5).
-1
What is -21 - -23 - (5 + 0 + 4)?
-7
What is the value of 34 - (16 - (-17 - -13))?
14
What is (29 - 88) + 19 - -71?
31
1 - (-8 - (-11 + 9 + -12 + 4))
-1
Evaluate -12 + 13 + 25 + (1 + -8 - 0).
19
What is -11 + 1 + (-1 - (0 + 5)) + 8?
-8
(0 - (0 - 17)) + (-1063 - -1083)
37
-19 - -18 - (-24 - (-26 + 12))
9
Calculate 11 - ((-16 - -20) + -20 + 9).
18
What is the value of (12 - (12 - (-13 + 10))) + -12?
-15
What is (-11 - -7) + (-2 - (7 - 3))?
-10
What is the value of (1 - -10) + -172 + 164 - (-9 - 1)?
13
What is -15 - ((-4 - (-11 - -12)) + 6)?
-16
(26 - 21) + (-9 + -2 - (6 + -9))
-3
What is the value of -18 - (6 + 0 + -1 + (-325 - -316))?
-14
What is -1 + -5 + (30 - 44) + 17?
-3
(-1 - 17) + (-51 - -14 - -40)
-15
What is the value of (-1 - 2) + -106 + 121?
12
-9 - ((-10 - -6) + 8)
-13
Calculate -18 + -19 - -30 - -4.
-3
What is the value of -11 + (42 - 35 - 12)?
-16
What is the value of 87 + -94 + (-5 + -1 - -1)?
-12
Calculate -2 - (-35 + 4) - 41.
-12
Evaluate 11 - -9 - 23 - (-1 - 24).
22
Evaluate (1 - 8) + 15 + 4 + -4.
8
What is 25 - (22 + (-1 - 3 - 4) + -6)?
17
Calculate -20 + (-10 - 2) - -22.
-10
(-4 - 6 - -32) + -16
6
Evaluate 2 + -1 - 34 - ((-71 - -7) + 66).
-35
Evaluate -37 + 31 - (4 - 1).
-9
What is -124 - -166 - (10 + 2)?
30
Calculate 17 + 1 - (14 + (-1 - (11 - 2))).
14
Calculate -109 + 123 - (14 - -2).
-2
Evaluate 13 - (-17 + 19) - 24.
-13
Calculate 0 - (-6 - -17) - (14 - 23) - -25.
23
What is 0 - ((8 + 0 - 10) + 0)?
2
What is the value of -1 + 1 - (21 + 1 + (219 - 243))?
2
What is the value of (-13 - (-12 + -6 + 9)) + 4 + 0?
0
Evaluate 337 - 282 - (21 - 0).
34
What is the value of 3 + 11 + 8 + -32?
-10
60 + -43 - (-2 + 21 - 4)
2
What is (-11 - (5 - 27)) + -15?
-4
What is -2 - 3 - (13 + -18 + 16)?
-16
50 + -50 + -5 + 25
20
(-1 - -3) + 1 + (72 - 68)
7
Evaluate -10 + (2 - (-2 + 1)) - (-198 - -189).
2
-12 - (-7 - (-4 - (-4 + 1) - 9))
-15
(25 + 1 - -1) + -37
-10
What is 1 + (-3 - -2) - (-1 - (5 - -2))?
8
-18 - 2 - -7 - -24
11
What is 22 - 29 - (-3 - 6)?
2
Calculate (-4 - (18 + -8)) + 2 + 5 + -1.
-8
Calculate 423 + -450 - (3 + -7).
-23
Evaluate (-30 - -24) + (3 + -4 - -3) + 13.
9
What is (-24 - (0 - 16)) + 6 - 1?
-3
What is -4 - (0 + -12) - 37?
-29
Evaluate 5 + (-1 + 6 - (-2 - -1) - 15).
-4
(15 - 10) + (-1 - -1 - 0) + -14
-9
Calculate 0 + -2 - ((-4 - (-3 - 11)) + -30).
18
Calculate 39 - 104 - -28 - -60.
23
7 - 0 - (5 + (-17 - 8) + 16)
11
327 - 336 - (1 + 2)
-12
Evaluate 18 - (-17 - (-11 - 20)).
4
Calculate -2 + -30 + 22 - 14.
-24
What is -12 + -7 - -33 - 21?
-7
Evaluate (1 - (-2 + 1)) + (-19 - -25).
8
Calculate 11 + 8 + (-89 - -56).
-14
-6 + 16 + -40 + 31
1
21 + (-6 - ((-1 - -3) + -4)) - 2
15
Evaluate (3 - (6 + -44)) + -5 + (-29 - -19).
26
Evaluate 0 + 7 + -1 + (15 - 13).
8
-1 + -72 + 68 + (5 - 0) + 10
10
What is the value of (90 - 100) + (-2 - 2)?
-14
Evaluate -21 - -2 - (-48 + 9).
20
-1 - -2 - (12 - (4 + -2 - 1))
-10
Evaluate 9 - (-3 - -4 - (-3 + 3 + 2)).
10
Calculate -5 + 0 + (-104 - -100) + 11.
2
Evaluate -5 - (7 + -19 - (-3 + 12)).
16
What is the value of 50 + -47 + 1 + 5?
9
What is the value of -9 + (9 - -3) + (11 - 13)?
1
What is -1 + 1 + 6 - (1899 + -1878)?
-15
Evaluate (8 - 17) + 9 + -1 + (1 - -1).
1
Evaluate 1 - ((25 - (15 + -8)) + (-6 - -2)).
-13
Calculate 3 + -6 - ((2 - 12) + 57 + -35).
-15
Calculate -775 - -766 - (-30 + -1).
22
What is 21 - (-20 - (24 + -75))?
-10
What is (-8 - 16) + 41 + 1 + -13 + 10?
15
Evaluate 24 - (19 + -4 - 3).
12
Evaluate (34 - (45 - 20)) + 1 + -36.
-26
Evaluate (-3 - 3) + 1 - (-20 - (-16 - 20)).
-21
What is 22 - 33 - (-15 + -1)?
5
What is -1 + -6 + -186 + 197?
4
What is (0 - -3) + (14 - (14 + 3)) + 11?
11
-2 - 0 - (22 - 23) - (23 + -5)
-19
What is 9 - 1 - 13 - (12 - (-3 - -11))?
-9
What is 16 + (3 - 25) + 21?
15
4 - 6 - (-1 + -3 + 10 + -1)
-7
Evaluate -41 + 18 + (-19 - -30).
-12
Evaluate (0 - -28) + -160 + 138.
6
Calculate 14 - (-23 - -16 - -9).
12
-20 + -11 + (23 - -24)
16
-13 + 24 + 1 + -19
-7
Calculate -4 + 2 + (1 - (-1 - -1)).
-1
Evaluate (2 - -8) + (-1 - -8).
17
Calculate 1 - ((1 + 0 - -7) + -9 + 21).
-19
Evaluate (-37 - -62) + -29 - 9.
-13
Evaluate 2 + (-29 - (19 - 38) - (-37 - 1)).
30
What is the value of (-29 - -25) + (-5 + 3 - -2)?
-4
0 + 2 - 7 - (-1 + 14)
-18
Calculate 1 + -13 + 11 + 3.
2
Evaluate 7 + (70 - 84 - (-12 - 1)).
6
Calculate 14 + (7 - (11 + (-11 - -14))).
7
-112 + 111 + 8 + 1 - (8 - 5)
5
Evaluate -11 - (-20 - -6 - -9 - -11).
-17
2 - 0 - (2 + -2) - (-3 - 1)
6
Calculate 40 - (18 - 0 - (71 - 65)).
28
What is the value of 0 - (0 - 8) - -6 - (-1 + 5)?
10
Calculate (-14 - -2) + 25 - -6.
19
Evaluate -11 + (0 - -7 - (-53 - -49)).
0
-19 - (-3 - (-12 + 12))
-16
What is (-1 - (22 + -8 + -1)) + -5?
-19
Calculate -2 + 10 + 14 + -20 + 13.
15
9 - (11 - 3) - 10
-9
Calculate (-3093 - -3101) + (1 - 39).
-30
What is the value of -30 - -9 - (28 + -37)?
-12
Evaluate 1 + 2 + -4 + -3 + -11 + 19.
4
What is -41 - -13 - -18 - 2?
-12
Evaluate 0 - -8 - (12 - (-3 + 14 + 1)).
8
1 - (-6 + 7 + (-1 - 0))
1
Evaluate 0 - ((2 - -6) + 5 - (0 - -3)).
-10
What is (0 - -5) + (24 - (-27 + 14 + 24))?
18
Evaluate 5 - (-5 + (1 - -5) + -6 + -2).
12
2 - (-9 - -32) - (-13 - -3)
-11
Evaluate (-31 - (6 - 10)) + 16.
-11
61 + (-31 - 24) - (0 - (0 + 0))
6
(3 - (-1 - -19)) + (-28 - -35)
-8
(-23 - -1) + (11 + 5 - (-25 - -41))
-22
What is -8 - (14 - (18 + -8) - (2 - 11))?
-21
What is the value of 7 + (5 - ((10 - 7) + (-1 - -7)))?
3
(-23 - 0) + (48 - (46 - 12))
-9
Calculate 20 + (121 - 124) + (0 - 1) + 0.
16
What is the value of (-100 - -128) + -31 + 6?
3
What is the value of 25 - (1279 + -1298 + (1 + 12 - 1))?
32
What is the value of -14 - (12 + (12 - 44))?
6
Evaluate 0 + -16 + 23 + -18.
-11
What is -16 + 40 + -18 + -1?
5
What is 6 - (15 - 5 - 4 - 16)?
16
What is the value of -14 + (46 - 11) + -9?
12
What is -10 - (-7 + (-6 - 1)) - 18?
-14
Evaluate 0 + (0 - -1) + (-12 - 1).
-12
What is -2 + 4 - (-13 - (-12 + -3))?
0
Calculate (0 - -6) + (13 - (6 + -10 - -45)).
-22
Calculate -27 - (3 - (-8 - -13) - 6).
-19
What is 10 + (-6 + 8 - 7)?
5
Evaluate (0 - -4 - 4) + (131 - 136).
-5
Calculate 1 + (-3 - -4) - (10 + (0 - 5)).
-3
What is the value of -27 + 42 + -2 + 6 + -5 - 5?
9
What is the value of (17 - 11) + (7 - (0 - -11 - -4))?
-2
What is 12 + 3 + -17 + -1 + -1 + 17?
13
What is 38 - (3 - -30) - (-4 - 0)?
9
5 - (-17 - (1 - (-9 + 17 + 1)))
14
Calculate -52 - -28 - -35 - 36.
-25
-1 + 11 - 23 - -27
14
Calculate -40 + 40 + 5 + -1 + 2 + -11.
-5
Calculate -6 + (-16 - 0 - -11).
-11
(-6 - (7 - 27)) + -11 + (16 - 6)
13
What is the value of (-2 - (-4 + -3 + 7)) + 9?
7
Calculate 4 - ((2 - (-3 + 2)) + -230 + 210).
21
Evaluate 19 + -7 + -24 + 12 + 0.
0
What is -1 - (5 - ((2 - -2 - 2) + 1))?
-3
What is -23 + 0 - (-689 + 681)?
-15
Evaluate 2 - -5 - 31 - (-7 - -2).
-19
What is the value of 2 - 19 - (-147 - -132)?
-2
What is -9 + 30 + -33 + 12 + -12 + 1?
-11
Calculate 3 - 11 - (-75 + 68).
-1
What is 38 - (-30 + -11 - -49)?
30
Evaluate 9 + 9 + (40 - 68).
-10
What is (-3 - -14) + -9 + (7 - -3) - 24?
-12
What is the value of 4 + 5 + (59 - 57) + (0 - 1)?
10
-25 + (-12 - 0 - -25)
-12
Evaluate 2 + -7 + (-1 - (10 + -14)).
-2
-2 + 9 - 22 - -11
-4
Calculate -7 + -9 - -25 - (3 + 9).
-3
7 - (-4 - (-6 - 0)) - (12 - 0)
-7
Calculate -10 + (3 - -7) + 2.
2
Calculate 6 - ((5 - 11) + 8 - -4) - 4.
-4
What is the value of 58 + -4 - (30 + 0)?
24
2 - (-2 - -17 - (26 + -33))
-20
Calculate -6 - 9 - (-13 - -1).
-3
Calculate (6 - 1) + (2 - (-7 - -3)) + -4.
7
What is the value of (-4 - 5) + 20 + -18 + (1 - -15)?
9
What is -51 + 52 + (-5 - -5 - (0 - -1))?
0
Calculate (-21 - -12) + 3 - (0 - -7).
-13
Evaluate -4 + (-1 - -9 - 13) + (2 - -4).
-3
Evaluate -6 + 4 + -14 + 17.
1
Calculate 8 - -18 - 20 - 3.
3
What is -7 + -19 + 35 - 19?
-10
Calculate -287 + 291